the prime factors of 8507248.
2, 197, 2699
List the prime factors of 939114315.
3, 5, 3433, 6079
What are the prime factors of 5861509055?
5, 1172301811
What are the prime factors of 452353207?
193, 2343799
List the prime factors of 7864572695.
5, 7, 224702077
List the prime factors of 127077150.
2, 3, 5, 59, 83, 173
List the prime factors of 77141405.
5, 11, 1402571
List the prime factors of 6248054923.
11, 568004993
What are the prime factors of 1582827983?
11, 13081223
List the prime factors of 93047361.
3, 11, 101, 27917
List the prime factors of 421714751.
421714751
List the prime factors of 14444335.
5, 241, 11987
List the prime factors of 926723561.
59, 269, 58391
List the prime factors of 200166430.
2, 5, 20016643
What are the prime factors of 767000281?
1019, 752699
List the prime factors of 211206060.
2, 3, 5, 13, 53, 131
List the prime factors of 95134317.
3, 31711439
What are the prime factors of 168478744?
2, 7, 73, 41213
List the prime factors of 165800287.
101, 1641587
List the prime factors of 108069679.
107, 1009997
List the prime factors of 720854809.
67, 10759027
List the prime factors of 216242935.
5, 43248587
List the prime factors of 90193706.
2, 45096853
List the prime factors of 1262131779.
3, 420710593
What are the prime factors of 1787675727?
3, 41, 14533949
List the prime factors of 1908342308.
2, 83, 5748019
What are the prime factors of 188552697?
3, 79, 795581
What are the prime factors of 605092863?
3, 2693, 74897
What are the prime factors of 1322416122?
2, 3, 109, 2022043
List the prime factors of 182405900.
2, 5, 977, 1867
What are the prime factors of 542468899?
7, 137, 565661
List the prime factors of 552265630.
2, 5, 7, 1429, 5521
What are the prime factors of 458173046?
2, 103, 2224141
What are the prime factors of 18638411?
11, 19, 257, 347
List the prime factors of 1306949506.
2, 653474753
What are the prime factors of 491005547?
67, 7328441
List the prime factors of 136480891.
431, 316661
List the prime factors of 72026664.
2, 3, 103, 29137
What are the prime factors of 47174377?
47174377
What are the prime factors of 112690867?
1667, 67601
What are the prime factors of 249223490?
2, 5, 37, 53, 71, 179
List the prime factors of 91308795.
3, 5, 31, 179, 1097
What are the prime factors of 258676910?
2, 5, 25867691
List the prime factors of 833652357.
3, 29, 2851, 3361
What are the prime factors of 148359793?
6961, 21313
List the prime factors of 544907471.
544907471
List the prime factors of 258231807.
3, 991, 3217
List the prime factors of 1027151823.
3, 8699, 39359
List the prime factors of 97374001.
2083, 46747
List the prime factors of 82932976.
2, 7, 740473
What are the prime factors of 218161034?
2, 7, 13, 17, 1439
What are the prime factors of 183679690?
2, 5, 881, 20849
What are the prime factors of 1066181251?
67, 15913153
What are the prime factors of 5541428052?
2, 3, 17, 19, 52951
List the prime factors of 5964885.
3, 5, 41, 53, 61
List the prime factors of 57145824.
2, 3, 7349
What are the prime factors of 9211284915?
3, 5, 7, 87726523
What are the prime factors of 2159764?
2, 37, 14593
List the prime factors of 604073183.
7, 71, 1215439
List the prime factors of 2952401581.
2952401581
List the prime factors of 4239266973.
3, 1413088991
What are the prime factors of 32249599?
53, 608483
What are the prime factors of 140584992?
2, 3, 61, 24007
List the prime factors of 5306162090.
2, 5, 503, 1054903
List the prime factors of 343736924.
2, 85934231
What are the prime factors of 1541364263?
353, 4366471
List the prime factors of 69387925.
5, 2775517
List the prime factors of 1748132518.
2, 11, 239, 332471
What are the prime factors of 336761079?
3, 29, 43, 90019
List the prime factors of 185365793.
185365793
List the prime factors of 3859863.
3, 7, 41, 4483
List the prime factors of 741230087.
13, 43, 1325993
What are the prime factors of 5564433648?
2, 3, 137, 619, 1367
What are the prime factors of 455428322?
2, 227714161
List the prime factors of 115581210.
2, 3, 5, 23, 7283
List the prime factors of 25242664.
2, 3155333
List the prime factors of 59695204.
2, 547, 27283
List the prime factors of 752021759.
752021759
What are the prime factors of 22407138?
2, 3, 13, 59, 541
List the prime factors of 4618664.
2, 577333
What are the prime factors of 174917124?
2, 3, 1619603
List the prime factors of 3278181773.
41, 79955653
List the prime factors of 311007493.
131, 1399, 1697
List the prime factors of 22504336.
2, 1406521
List the prime factors of 1786601.
193, 9257
What are the prime factors of 2145199559?
2145199559
What are the prime factors of 45820827?
3, 13, 391631
List the prime factors of 2280081169.
2280081169
List the prime factors of 1695129078.
2, 3, 67, 457, 9227
List the prime factors of 248614665.
3, 5, 13, 71, 17957
What are the prime factors of 1655698378?
2, 23, 35993443
List the prime factors of 22235648.
2, 137, 317
What are the prime factors of 694689760?
2, 5, 1049, 4139
List the prime factors of 7587013442.
2, 23327, 162623
What are the prime factors of 627774227?
37, 89, 190639
What are the prime factors of 4650860?
2, 5, 17, 13679
List the prime factors of 69146485.
5, 13829297
What are the prime factors of 1259284491?
3, 139920499
What are the prime factors of 6447778?
2, 191, 16879
List the prime factors of 209612316.
2, 3, 479, 36467
List the prime factors of 5166237161.
19, 23, 29, 407657
List the prime factors of 401336435.
5, 1151, 69737
What are the prime factors of 2962763173?
103, 659, 43649
What are the prime factors of 7253068617?
3, 89, 151, 2221
What are the prime factors of 3110964739?
3110964739
List the prime factors of 41296632.
2, 3, 13, 132361
What are the prime factors of 2181757393?
1621, 1345933
List the prime factors of 1044707083.
7, 491, 303959
What are the prime factors of 1535360525?
5, 17, 3612613
List the prime factors of 132024400.
2, 5, 330061
What are the prime factors of 130411585?
5, 26082317
List the prime factors of 534133996.
2, 11, 12139409
What are the prime factors of 109444163?
223, 271, 1811
List the prime factors of 145570862.
2, 1153, 63127
List the prime factors of 203656421.
19, 23, 466033
List the prime factors of 526849437.
3, 4721, 37199
List the prime factors of 5270116204.
2, 47, 199, 140867
List the prime factors of 313347282.
2, 3, 71, 735557
List the prime factors of 3706204871.
1753, 2114207
List the prime factors of 10698878.
2, 137, 39047
What are the prime factors of 14586420?
2, 3, 5, 29, 83, 101
What are the prime factors of 330228798?
2, 3, 109, 504937
What are the prime factors of 81530468?
2, 41, 497137
What are the prime factors of 1541235330?
2, 3, 5, 5708279
List the prime factors of 91187862.
2, 3, 15197977
What are the prime factors of 2031882715?
5, 41, 9911623
What are the prime factors of 19168832?
2, 299513
What are the prime factors of 81956372?
2, 20489093
What are the prime factors of 508670077?
257, 1979261
What are the prime factors of 758373181?
23, 31, 1063637
What are the prime factors of 4158480722?
2, 11, 43, 4395857
What are the prime factors of 7513453756?
2, 17, 31, 3564257
List the prime factors of 318605754.
2, 3, 2029, 26171
List the prime factors of 354906000.
2, 3, 5, 19717
List the prime factors of 1296817690.
2, 5, 7, 109, 349, 487
List the prime factors of 157149145.
5, 463, 67883
List the prime factors of 178638341.
7, 2447, 10429
List the prime factors of 46203338.
2, 23101669
List the prime factors of 136743945.
3, 5, 13, 31, 22621
List the prime factors of 4461402941.
59, 131, 443, 1303
What are the prime factors of 1422579308?
2, 3137, 113371
List the prime factors of 1229415792.
2, 3, 11, 17, 29, 4723
What are the prime factors of 23560170?
2, 3, 5, 79, 9941
What are the prime factors of 148878854?
2, 229, 325063
What are the prime factors of 11513142?
2, 3, 37, 59, 293
List the prime factors of 189761245.
5, 37952249
What are the prime factors of 161201282?
2, 11, 19, 35059
What are the prime factors of 4268256217?
4268256217
What are the prime factors of 124108428?
2, 3, 10342369
List the prime factors of 1900143622.
2, 13, 139, 525773
List the prime factors of 9208157911.
97, 94929463
List the prime factors of 153456107.
7, 31, 647, 1093
List the prime factors of 53